{"id":9,"date":"2018-12-28T15:52:15","date_gmt":"2018-12-28T08:52:15","guid":{"rendered":"https:\/\/promtc.com\/Promtc\/?page_id=9"},"modified":"2019-05-29T11:30:53","modified_gmt":"2019-05-29T04:30:53","slug":"may-do-huyet-ap","status":"publish","type":"page","link":"https:\/\/promtc.com\/Promtc\/may-do-huyet-ap\/","title":{"rendered":"M\u00e1y \u0110o Huy\u1ebft \u00c1p T\u1ef1 \u0110\u1ed9ng"},"content":{"rendered":"\n<h1 class=\"wp-block-heading\" style=\"text-align:left\"> <strong><a href=\"https:\/\/promtc.com\/Promtc\/modem-bp618\/\">M\u00e1y \u0111o huy\u1ebft \u00e1p t\u1ef1 \u0111\u1ed9ng c\u1ed5 tay<\/a><\/strong><a href=\"https:\/\/promtc.com\/Promtc\/modem-bp618\/\"> <\/a><\/h1>\n\n\n\n<div class=\"wp-block-button\"><a class=\"wp-block-button__link has-text-color has-background\" href=\"https:\/\/promtc.com\/Promtc\/modem-bp618\/\" style=\"background-color:#66dd00;color:#0066bb\">PROMTC BP-618 <\/a><\/div>\n\n\n\n<div class=\"wp-block-media-text alignwide\" style=\"grid-template-columns:36% auto\"><figure class=\"wp-block-media-text__media\"><img loading=\"lazy\" decoding=\"async\" width=\"906\" height=\"941\" src=\"https:\/\/promtc.com\/Promtc\/wp-content\/uploads\/2018\/12\/BP-618X6.jpg\" alt=\"\" class=\"wp-image-34\" srcset=\"https:\/\/promtc.com\/Promtc\/wp-content\/uploads\/2018\/12\/BP-618X6.jpg 906w, https:\/\/promtc.com\/Promtc\/wp-content\/uploads\/2018\/12\/BP-618X6-289x300.jpg 289w, https:\/\/promtc.com\/Promtc\/wp-content\/uploads\/2018\/12\/BP-618X6-768x798.jpg 768w\" sizes=\"auto, (max-width: 906px) 100vw, 906px\" \/><\/figure><div class=\"wp-block-media-text__content\">\n<ul class=\"wp-block-list\"><li>T\u1ef1 \u0111\u1ed9ng ho\u00e0n to\u00e0n<\/li><li>M\u00e0n h\u00ecnh LCD r\u1ed9ng, hi\u1ec3n th\u1ecb k\u1ebft qu\u1ea3 tr\u00ean m\u00e0n h\u00ecnh r\u00f5 r\u00e0ng<\/li><li>Ph\u00e1t hi\u1ec7n tim kh\u00f4ng \u0111\u1ec1u<\/li><li>B\u1ed9 nh\u1edb 120 l\u1ea7n cho 2 ng\u01b0\u1eddi<\/li><li>Hi\u1ec3n th\u1ecb k\u1ebft qu\u1ea3 trung b\u00ecnh d\u1ef1a v\u00e0o 3 k\u1ebft qu\u1ea3 \u0111o g\u1ea7n nh\u1ea5t<\/li><li>T\u1ef1 \u0111\u1ed9ng \u0111\u00e1nh gi\u00e1 k\u1ebft qu\u1ea3 d\u1ef1a theo ph\u00e2n lo\u1ea1i huy\u1ebft \u00e1p c\u1ee7a WHO<\/li><li>Hi\u1ec3n th\u1ecb pin y\u1ebfu<\/li><li>L\u1ed7i c\u1eed \u0111\u1ed9ng<\/li><li>T\u1ef1 \u0111\u1ed9ng t\u1eaft m\u00e1y<\/li><\/ul>\n<\/div><\/div>\n\n\n\n<hr class=\"wp-block-separator is-style-dots\"\/>\n\n\n\n<hr class=\"wp-block-separator is-style-default\"\/>\n\n\n\n<h1 class=\"wp-block-heading\" style=\"text-align:left\"><strong><a href=\"https:\/\/promtc.com\/Promtc\/modem-bp618x6\/\">M\u00e1y \u0111o huy\u1ebft \u00e1p t\u1ef1 \u0111\u1ed9ng c\u1ed5 tay<\/a><\/strong><\/h1>\n\n\n\n<p style=\"color:#66dd00\" class=\"has-text-color has-medium-font-size\"><strong>(M\u00e0n h\u00ecnh \u0111\u00e8n s\u00e1ng)\ufeff<\/strong><\/p>\n\n\n\n<div class=\"wp-block-button\"><a class=\"wp-block-button__link has-text-color has-background\" href=\"https:\/\/promtc.com\/Promtc\/modem-bp618x6\/\" style=\"background-color:#66dd00;color:#0066bb\">PROMTC BP-618X6 <\/a><\/div>\n\n\n\n<div class=\"wp-block-media-text alignwide\" style=\"grid-template-columns:36% auto\"><figure class=\"wp-block-media-text__media\"><img loading=\"lazy\" decoding=\"async\" width=\"906\" height=\"941\" src=\"https:\/\/promtc.com\/Promtc\/wp-content\/uploads\/2018\/12\/BP-618X6.jpg\" alt=\"\" class=\"wp-image-34\" srcset=\"https:\/\/promtc.com\/Promtc\/wp-content\/uploads\/2018\/12\/BP-618X6.jpg 906w, https:\/\/promtc.com\/Promtc\/wp-content\/uploads\/2018\/12\/BP-618X6-289x300.jpg 289w, https:\/\/promtc.com\/Promtc\/wp-content\/uploads\/2018\/12\/BP-618X6-768x798.jpg 768w\" sizes=\"auto, (max-width: 906px) 100vw, 906px\" \/><\/figure><div class=\"wp-block-media-text__content\">\n<ul class=\"wp-block-list\"><li>M\u00e0n h\u00ecnh \u0111\u00e8n s\u00e1ng<\/li><li>T\u1ef1 \u0111\u1ed9ng ho\u00e0n to\u00e0n<\/li><li>M\u00e0n h\u00ecnh LCD r\u1ed9ng, hi\u1ec3n th\u1ecb k\u1ebft qu\u1ea3 tr\u00ean m\u00e0n h\u00ecnh r\u00f5 r\u00e0ng<\/li><li>Ph\u00e1t hi\u1ec7n tim kh\u00f4ng \u0111\u1ec1u<\/li><li>B\u1ed9 nh\u1edb 120 l\u1ea7n cho 2 ng\u01b0\u1eddi<\/li><li>Hi\u1ec3n th\u1ecb k\u1ebft qu\u1ea3 trung b\u00ecnh d\u1ef1a v\u00e0o 3 k\u1ebft qu\u1ea3 \u0111o g\u1ea7n nh\u1ea5t<\/li><li>T\u1ef1 \u0111\u1ed9ng \u0111\u00e1nh gi\u00e1 k\u1ebft qu\u1ea3 d\u1ef1a theo ph\u00e2n lo\u1ea1i huy\u1ebft \u00e1p c\u1ee7a WHO<\/li><li>Hi\u1ec3n th\u1ecb pin y\u1ebfu<\/li><li>L\u1ed7i c\u1eed \u0111\u1ed9ng<\/li><li>T\u1ef1 \u0111\u1ed9ng t\u1eaft m\u00e1y <\/li><\/ul>\n<\/div><\/div>\n\n\n\n<hr class=\"wp-block-separator is-style-dots\"\/>\n\n\n\n<hr class=\"wp-block-separator is-style-default\"\/>\n\n\n\n<h1 class=\"wp-block-heading\" style=\"text-align:left\"><strong><a href=\"https:\/\/promtc.com\/Promtc\/modem-bp2208a\/\">M\u00e1y \u0111o huy\u1ebft \u00e1p t\u1ef1 \u0111\u1ed9ng c\u1ed5 tay<\/a><\/strong><\/h1>\n\n\n\n<p style=\"color:#66dd00\" class=\"has-text-color has-medium-font-size\"><strong>(M\u00e0n h\u00ecnh \u0111\u00e8n s\u00e1ng)\ufeff<\/strong><\/p>\n\n\n\n<div class=\"wp-block-button\"><a class=\"wp-block-button__link has-text-color has-background\" href=\"https:\/\/promtc.com\/Promtc\/modem-bp2208a\/\" style=\"background-color:#66dd00;color:#0066bb\">PROMTC BP-2208A <\/a><\/div>\n\n\n\n<div class=\"wp-block-media-text alignwide\" style=\"grid-template-columns:36% auto\"><figure class=\"wp-block-media-text__media\"><img loading=\"lazy\" decoding=\"async\" width=\"1024\" height=\"771\" src=\"https:\/\/promtc.com\/Promtc\/wp-content\/uploads\/2018\/12\/BP-2208A-1024x771.jpg\" alt=\"\" class=\"wp-image-39\" srcset=\"https:\/\/promtc.com\/Promtc\/wp-content\/uploads\/2018\/12\/BP-2208A-1024x771.jpg 1024w, https:\/\/promtc.com\/Promtc\/wp-content\/uploads\/2018\/12\/BP-2208A-300x226.jpg 300w, https:\/\/promtc.com\/Promtc\/wp-content\/uploads\/2018\/12\/BP-2208A-768x578.jpg 768w, https:\/\/promtc.com\/Promtc\/wp-content\/uploads\/2018\/12\/BP-2208A.jpg 1449w\" sizes=\"auto, (max-width: 1024px) 100vw, 1024px\" \/><\/figure><div class=\"wp-block-media-text__content\">\n<ul class=\"wp-block-list\"><li>\u0110\u00e8n s\u00e1ng m\u00e0n h\u00ecnh<\/li><li>T\u1ef1 \u0111\u1ed9ng ho\u00e0n to\u00e0n<\/li><li>M\u00e0n h\u00ecnh LCD r\u1ed9ng, hi\u1ec3n th\u1ecb k\u1ebft qu\u1ea3 tr\u00ean m\u00e0n h\u00ecnh r\u00f5 r\u00e0ng<\/li><li>Ph\u00e1t hi\u1ec7n tim kh\u00f4ng \u0111\u1ec1u<\/li><li>B\u1ed9 nh\u1edb 120 l\u1ea7n cho 2 ng\u01b0\u1eddi<\/li><li>Hi\u1ec3n th\u1ecb k\u1ebft qu\u1ea3 trung b\u00ecnh d\u1ef1a v\u00e0o 3 k\u1ebft qu\u1ea3 \u0111o g\u1ea7n nh\u1ea5t<\/li><li>T\u1ef1 \u0111\u1ed9ng \u0111\u00e1nh gi\u00e1 k\u1ebft qu\u1ea3 d\u1ef1a theo ph\u00e2n lo\u1ea1i huy\u1ebft \u00e1p c\u1ee7a WHO<\/li><li>Hi\u1ec3n th\u1ecb pin y\u1ebfu<\/li><li>T\u1ef1 \u0111\u1ed9ng t\u1eaft m\u00e1y <\/li><\/ul>\n<\/div><\/div>\n\n\n\n<hr class=\"wp-block-separator is-style-dots\"\/>\n\n\n\n<hr class=\"wp-block-separator is-style-default\"\/>\n\n\n\n<h1 class=\"wp-block-heading\" style=\"text-align:left\"><strong><a href=\"https:\/\/promtc.com\/Promtc\/modem-bp1305\/\">M\u00e1y \u0111o huy\u1ebft \u00e1p t\u1ef1 \u0111\u1ed9ng b\u1eafp tay<\/a><\/strong><\/h1>\n\n\n\n<div class=\"wp-block-button\"><a class=\"wp-block-button__link has-text-color has-background\" href=\"https:\/\/promtc.com\/Promtc\/modem-bp1305\/\" style=\"background-color:#66dd00;color:#0066bb\">PROMTC BP-1305 <\/a><\/div>\n\n\n\n<div class=\"wp-block-media-text alignwide\" style=\"grid-template-columns:36% auto\"><figure class=\"wp-block-media-text__media\"><img loading=\"lazy\" decoding=\"async\" width=\"1024\" height=\"791\" src=\"https:\/\/promtc.com\/Promtc\/wp-content\/uploads\/2018\/12\/BP-1305-1024x791.jpg\" alt=\"\" class=\"wp-image-36\" srcset=\"https:\/\/promtc.com\/Promtc\/wp-content\/uploads\/2018\/12\/BP-1305-1024x791.jpg 1024w, https:\/\/promtc.com\/Promtc\/wp-content\/uploads\/2018\/12\/BP-1305-300x232.jpg 300w, https:\/\/promtc.com\/Promtc\/wp-content\/uploads\/2018\/12\/BP-1305-768x594.jpg 768w, https:\/\/promtc.com\/Promtc\/wp-content\/uploads\/2018\/12\/BP-1305.jpg 1449w\" sizes=\"auto, (max-width: 1024px) 100vw, 1024px\" \/><\/figure><div class=\"wp-block-media-text__content\">\n<ul class=\"wp-block-list\"><li>M\u00e0n h\u00ecnh LCD r\u1ed9ng, hi\u1ec3n th\u1ecb k\u1ebft qu\u1ea3 tr\u00ean m\u00e0n h\u00ecnh r\u00f5 r\u00e0ng<\/li><li>\u0110o nhanh, ch\u00ednh x\u00e1c<\/li><li>Ph\u00e1t hi\u1ec7n tim kh\u00f4ng \u0111\u1ec1u<\/li><li>B\u1ed9 nh\u1edb 120 l\u1ea7n cho 2 ng\u01b0\u1eddi<\/li><li>Hi\u1ec3n th\u1ecb k\u1ebft qu\u1ea3 trung b\u00ecnh d\u1ef1a v\u00e0o 3 k\u1ebft qu\u1ea3 \u0111o g\u1ea7n nh\u1ea5t<\/li><li>T\u1ef1 \u0111\u1ed9ng \u0111\u00e1nh gi\u00e1 k\u1ebft qu\u1ea3 d\u1ef1a theo ph\u00e2n lo\u1ea1i huy\u1ebft \u00e1p c\u1ee7a WHO<\/li><li>Hi\u1ec3n th\u1ecb pin y\u1ebfu<\/li><li>L\u1ed7i c\u1eed \u0111\u1ed9ng<\/li><li>T\u1ef1 \u0111\u1ed9ng t\u1eaft m\u00e1y <\/li><\/ul>\n<\/div><\/div>\n\n\n\n<hr class=\"wp-block-separator is-style-dots\"\/>\n\n\n\n<hr class=\"wp-block-separator is-style-default\"\/>\n\n\n\n<h1 class=\"wp-block-heading\" style=\"text-align:left\"><strong>M\u00e1y \u0111o huy\u1ebft \u00e1p t\u1ef1 \u0111\u1ed9ng b\u1eafp tay<\/strong><\/h1>\n\n\n\n<div class=\"wp-block-button\"><a class=\"wp-block-button__link has-text-color has-background\" href=\"https:\/\/promtc.com\/Promtc\/modem-bp1186\/\" style=\"background-color:#66dd00;color:#0066bb\">PROMTC BP-1186 <\/a><\/div>\n\n\n\n<div class=\"wp-block-media-text alignwide\" style=\"grid-template-columns:36% auto\"><figure class=\"wp-block-media-text__media\"><img loading=\"lazy\" decoding=\"async\" width=\"1024\" height=\"828\" src=\"https:\/\/promtc.com\/Promtc\/wp-content\/uploads\/2018\/12\/BP-1186-1024x828.jpg\" alt=\"\" class=\"wp-image-35\" srcset=\"https:\/\/promtc.com\/Promtc\/wp-content\/uploads\/2018\/12\/BP-1186-1024x828.jpg 1024w, https:\/\/promtc.com\/Promtc\/wp-content\/uploads\/2018\/12\/BP-1186-300x243.jpg 300w, https:\/\/promtc.com\/Promtc\/wp-content\/uploads\/2018\/12\/BP-1186-768x621.jpg 768w, https:\/\/promtc.com\/Promtc\/wp-content\/uploads\/2018\/12\/BP-1186.jpg 1939w\" sizes=\"auto, (max-width: 1024px) 100vw, 1024px\" \/><\/figure><div class=\"wp-block-media-text__content\">\n<ul class=\"wp-block-list\"><li> M\u00e0n h\u00ecnh LCD r\u1ed9ng, hi\u1ec3n th\u1ecb k\u1ebft qu\u1ea3 tr\u00ean m\u00e0n h\u00ecnh r\u00f5 r\u00e0ng<\/li><li>\u0110o nhanh,ch\u00ednh x\u00e1c<\/li><li>Ph\u00e1t hi\u1ec7n tim kh\u00f4ng \u0111\u1ec1u<\/li><li>B\u1ed9 nh\u1edb 60 l\u1ea7n cho 2 ng\u01b0\u1eddi<\/li><li>Hi\u1ec3n th\u1ecb k\u1ebft qu\u1ea3 trung b\u00ecnh d\u1ef1a v\u00e0o 3 k\u1ebft qu\u1ea3 \u0111o g\u1ea7n nh\u1ea5t<\/li><li>T\u1ef1 \u0111\u1ed9ng \u0111\u00e1nh gi\u00e1 k\u1ebft qu\u1ea3 d\u1ef1a theo ph\u00e2n lo\u1ea1i huy\u1ebft \u00e1p c\u1ee7a WHO<\/li><li>Hi\u1ec3n th\u1ecb pin y\u1ebfu<\/li><li>L\u1ed7i c\u1eed \u0111\u1ed9ng<\/li><li>T\u1ef1 \u0111\u1ed9ng t\u1eaft m\u00e1y <\/li><\/ul>\n<\/div><\/div>\n\n\n\n<hr class=\"wp-block-separator is-style-dots\"\/>\n","protected":false},"excerpt":{"rendered":"<p>M\u00e1y \u0111o huy\u1ebft \u00e1p t\u1ef1 \u0111\u1ed9ng c\u1ed5 tay T\u1ef1 \u0111\u1ed9ng ho\u00e0n to\u00e0n M\u00e0n h\u00ecnh LCD r\u1ed9ng, hi\u1ec3n th\u1ecb k\u1ebft qu\u1ea3 tr\u00ean m\u00e0n h\u00ecnh r\u00f5 r\u00e0ng Ph\u00e1t hi\u1ec7n tim kh\u00f4ng \u0111\u1ec1u B\u1ed9 nh\u1edb 120 l\u1ea7n cho 2 ng\u01b0\u1eddi Hi\u1ec3n th\u1ecb k\u1ebft qu\u1ea3 trung b\u00ecnh d\u1ef1a v\u00e0o 3 k\u1ebft qu\u1ea3 \u0111o g\u1ea7n nh\u1ea5t T\u1ef1 \u0111\u1ed9ng \u0111\u00e1nh gi\u00e1 [&hellip;]<\/p>\n","protected":false},"author":1,"featured_media":0,"parent":0,"menu_order":0,"comment_status":"closed","ping_status":"closed","template":"","meta":{"footnotes":""},"class_list":["post-9","page","type-page","status-publish","hentry"],"_links":{"self":[{"href":"https:\/\/promtc.com\/Promtc\/wp-json\/wp\/v2\/pages\/9","targetHints":{"allow":["GET"]}}],"collection":[{"href":"https:\/\/promtc.com\/Promtc\/wp-json\/wp\/v2\/pages"}],"about":[{"href":"https:\/\/promtc.com\/Promtc\/wp-json\/wp\/v2\/types\/page"}],"author":[{"embeddable":true,"href":"https:\/\/promtc.com\/Promtc\/wp-json\/wp\/v2\/users\/1"}],"replies":[{"embeddable":true,"href":"https:\/\/promtc.com\/Promtc\/wp-json\/wp\/v2\/comments?post=9"}],"version-history":[{"count":20,"href":"https:\/\/promtc.com\/Promtc\/wp-json\/wp\/v2\/pages\/9\/revisions"}],"predecessor-version":[{"id":345,"href":"https:\/\/promtc.com\/Promtc\/wp-json\/wp\/v2\/pages\/9\/revisions\/345"}],"wp:attachment":[{"href":"https:\/\/promtc.com\/Promtc\/wp-json\/wp\/v2\/media?parent=9"}],"curies":[{"name":"wp","href":"https:\/\/api.w.org\/{rel}","templated":true}]}}