{"id":12,"date":"2018-12-28T15:52:16","date_gmt":"2018-12-28T08:52:16","guid":{"rendered":"https:\/\/promtc.com\/Promtc\/?page_id=12"},"modified":"2019-05-29T11:34:10","modified_gmt":"2019-05-29T04:34:10","slug":"mot-so-thiet-bi-khac","status":"publish","type":"page","link":"https:\/\/promtc.com\/Promtc\/mot-so-thiet-bi-khac\/","title":{"rendered":"M\u1ed9t S\u1ed1 Thi\u1ebft B\u1ecb Kh\u00e1c"},"content":{"rendered":"\n<h1 class=\"wp-block-heading\" style=\"text-align:left\"><strong><a href=\"https:\/\/promtc.com\/Promtc\/modem-bg102\/\">M\u00e1y \u0111o \u0111\u01b0\u1eddng huy\u1ebft<\/a><\/strong><\/h1>\n\n\n\n<div class=\"wp-block-button\"><a class=\"wp-block-button__link has-text-color has-background\" href=\"https:\/\/promtc.com\/Promtc\/modem-bg102\/\" style=\"background-color:#66dd00;color:#0066bb\">PROMTC\u00a0 BG-102 <\/a><\/div>\n\n\n\n<div class=\"wp-block-media-text alignwide\" style=\"grid-template-columns:36% auto\"><figure class=\"wp-block-media-text__media\"><img loading=\"lazy\" decoding=\"async\" width=\"482\" height=\"575\" src=\"https:\/\/promtc.com\/Promtc\/wp-content\/uploads\/2018\/12\/BG-102.jpg\" alt=\"\" class=\"wp-image-51\" srcset=\"https:\/\/promtc.com\/Promtc\/wp-content\/uploads\/2018\/12\/BG-102.jpg 482w, https:\/\/promtc.com\/Promtc\/wp-content\/uploads\/2018\/12\/BG-102-251x300.jpg 251w\" sizes=\"auto, (max-width: 482px) 100vw, 482px\" \/><\/figure><div class=\"wp-block-media-text__content\">\n<ul class=\"wp-block-list\"><li>M\u00e0n h\u00ecnh r\u1ed9ng, d\u1ec5 \u0111\u1ecdc<\/li><li>K\u1ebft qu\u1ea3 ch\u00ednh x\u00e1c sau 5 gi\u00e2y<\/li><li>\u0110\u01b0\u1ee3c s\u1ea3n xu\u1ea5t theo c\u00f4ng ngh\u1ec7 m\u1edbi nh\u1ea5t, c\u00f4ng ngh\u1ec7 C\u1ea3m \u1ee9ng sinh h\u1ecdc<\/li><li>T\u1ef1 \u0111\u1ed9ng c\u00e0i m\u00e3 que th\u1eed b\u1eb1ng chip<\/li><li>B\u1ed9 nh\u1edb 360 k\u1ebft qu\u1ea3, k\u00e8m ng\u00e0y th\u00e1ng, th\u1eddi gian \u0111o<\/li><li>T\u00ednh k\u1ebft qu\u1ea3 trung b\u00ecnh 7, 14, 28 ng\u00e0y<\/li><li>T\u1ef1 \u0111\u1ed9ng nh\u1eafc \u0111o \u0111\u01b0\u1eddng huy\u1ebft trong ng\u00e0y<\/li><\/ul>\n<\/div><\/div>\n\n\n\n<hr class=\"wp-block-separator is-style-dots\"\/>\n\n\n\n<hr class=\"wp-block-separator\"\/>\n\n\n\n<h1 class=\"wp-block-heading\" style=\"text-align:left\"><strong><a href=\"https:\/\/promtc.com\/Promtc\/modem-cn25a\/\">M\u00e1y x\u00f4ng kh\u00ed dung<\/a><\/strong><\/h1>\n\n\n\n<div class=\"wp-block-button\"><a class=\"wp-block-button__link has-text-color has-background\" href=\"https:\/\/promtc.com\/Promtc\/modem-cn25a\/\" style=\"background-color:#66dd00;color:#0066bb\">PROMTC CN-25A <\/a><\/div>\n\n\n\n<div class=\"wp-block-media-text alignwide\" style=\"grid-template-columns:36% auto\"><figure class=\"wp-block-media-text__media\"><img loading=\"lazy\" decoding=\"async\" width=\"1024\" height=\"812\" src=\"https:\/\/promtc.com\/Promtc\/wp-content\/uploads\/2018\/12\/CN-25A-1024x812.jpg\" alt=\"\" class=\"wp-image-53\" srcset=\"https:\/\/promtc.com\/Promtc\/wp-content\/uploads\/2018\/12\/CN-25A-1024x812.jpg 1024w, https:\/\/promtc.com\/Promtc\/wp-content\/uploads\/2018\/12\/CN-25A-300x238.jpg 300w, https:\/\/promtc.com\/Promtc\/wp-content\/uploads\/2018\/12\/CN-25A-768x609.jpg 768w, https:\/\/promtc.com\/Promtc\/wp-content\/uploads\/2018\/12\/CN-25A.jpg 1028w\" sizes=\"auto, (max-width: 1024px) 100vw, 1024px\" \/><\/figure><div class=\"wp-block-media-text__content\">\n<ul class=\"wp-block-list\"><li> Thi\u1ebft k\u1ebf g\u1ecdn v\u00e0 th\u1eddi trang<\/li><li>M\u00e1y ch\u1ea1y \u00eam<\/li><li>C\u00f3 khoang ch\u1ee9a ph\u1ee5 ki\u1ec7n, d\u1ec5 s\u1eed d\u1ee5ng<\/li><li>\u0110\u1ed9 b\u1ec1n cao, ph\u00f9 h\u1ee3p cho gia \u0111\u00ecnh v\u00e0 ph\u00f2ng kh\u00e1m<\/li><li>\u0110i\u1ec7n \u00e1p v\u00e0o 220V\/50Hz <\/li><\/ul>\n<\/div><\/div>\n\n\n\n<hr class=\"wp-block-separator is-style-dots\"\/>\n\n\n\n<hr class=\"wp-block-separator is-style-default\"\/>\n\n\n\n<h1 class=\"wp-block-heading\" style=\"text-align:left\"><strong><a href=\"https:\/\/promtc.com\/Promtc\/modem-cn05c\/\">M\u00e1y x\u00f4ng kh\u00ed dung<\/a><\/strong><\/h1>\n\n\n\n<div class=\"wp-block-button\"><a class=\"wp-block-button__link has-text-color has-background\" href=\"https:\/\/promtc.com\/Promtc\/modem-cn05c\/\" style=\"background-color:#66dd00;color:#0066bb\">PROMTC CN-05C <\/a><\/div>\n\n\n\n<div class=\"wp-block-media-text alignwide\" style=\"grid-template-columns:36% auto\"><figure class=\"wp-block-media-text__media\"><img loading=\"lazy\" decoding=\"async\" width=\"1024\" height=\"916\" src=\"https:\/\/promtc.com\/Promtc\/wp-content\/uploads\/2018\/12\/CN-05C-1024x916.jpg\" alt=\"\" class=\"wp-image-52\" srcset=\"https:\/\/promtc.com\/Promtc\/wp-content\/uploads\/2018\/12\/CN-05C-1024x916.jpg 1024w, https:\/\/promtc.com\/Promtc\/wp-content\/uploads\/2018\/12\/CN-05C-300x268.jpg 300w, https:\/\/promtc.com\/Promtc\/wp-content\/uploads\/2018\/12\/CN-05C-768x687.jpg 768w, https:\/\/promtc.com\/Promtc\/wp-content\/uploads\/2018\/12\/CN-05C.jpg 1120w\" sizes=\"auto, (max-width: 1024px) 100vw, 1024px\" \/><\/figure><div class=\"wp-block-media-text__content\">\n<ul class=\"wp-block-list\"><li> \u0110\u1ed9 b\u1ec1n cao<\/li><li>C\u00f3 pin \u0111\u1ec3 s\u1eed d\u1ee5ng khi m\u1ea5t \u0111i\u1ec7n<\/li><li>R\u1ea5t nh\u1ecf g\u1ecdn<\/li><li>Hi\u1ec7u qu\u1ea3 x\u00f4ng cao<\/li><li>\u0110i\u1ec7n \u00e1p 220V\/50Hz<\/li><li>C\u00f4ng su\u1ea5t thu\u1ed1c 5ml <\/li><\/ul>\n<\/div><\/div>\n\n\n\n<hr class=\"wp-block-separator is-style-dots\"\/>\n","protected":false},"excerpt":{"rendered":"<p>M\u00e1y \u0111o \u0111\u01b0\u1eddng huy\u1ebft M\u00e1y x\u00f4ng kh\u00ed dung Thi\u1ebft k\u1ebf g\u1ecdn v\u00e0 th\u1eddi trang M\u00e1y ch\u1ea1y \u00eam C\u00f3 khoang ch\u1ee9a ph\u1ee5 ki\u1ec7n, d\u1ec5 s\u1eed d\u1ee5ng \u0110\u1ed9 b\u1ec1n cao, ph\u00f9 h\u1ee3p cho gia \u0111\u00ecnh v\u00e0 ph\u00f2ng kh\u00e1m \u0110i\u1ec7n \u00e1p v\u00e0o 220V\/50Hz M\u00e1y x\u00f4ng kh\u00ed dung \u0110\u1ed9 b\u1ec1n cao C\u00f3 pin \u0111\u1ec3 s\u1eed d\u1ee5ng khi m\u1ea5t \u0111i\u1ec7n [&hellip;]<\/p>\n","protected":false},"author":1,"featured_media":0,"parent":0,"menu_order":0,"comment_status":"closed","ping_status":"closed","template":"","meta":{"footnotes":""},"class_list":["post-12","page","type-page","status-publish","hentry"],"_links":{"self":[{"href":"https:\/\/promtc.com\/Promtc\/wp-json\/wp\/v2\/pages\/12","targetHints":{"allow":["GET"]}}],"collection":[{"href":"https:\/\/promtc.com\/Promtc\/wp-json\/wp\/v2\/pages"}],"about":[{"href":"https:\/\/promtc.com\/Promtc\/wp-json\/wp\/v2\/types\/page"}],"author":[{"embeddable":true,"href":"https:\/\/promtc.com\/Promtc\/wp-json\/wp\/v2\/users\/1"}],"replies":[{"embeddable":true,"href":"https:\/\/promtc.com\/Promtc\/wp-json\/wp\/v2\/comments?post=12"}],"version-history":[{"count":5,"href":"https:\/\/promtc.com\/Promtc\/wp-json\/wp\/v2\/pages\/12\/revisions"}],"predecessor-version":[{"id":352,"href":"https:\/\/promtc.com\/Promtc\/wp-json\/wp\/v2\/pages\/12\/revisions\/352"}],"wp:attachment":[{"href":"https:\/\/promtc.com\/Promtc\/wp-json\/wp\/v2\/media?parent=12"}],"curies":[{"name":"wp","href":"https:\/\/api.w.org\/{rel}","templated":true}]}}